emainder when 332932 is divided by 47557?
33
What is the remainder when 27185 is divided by 86?
9
Calculate the remainder when 24669 is divided by 96.
93
Calculate the remainder when 2943 is divided by 808.
519
Calculate the remainder when 194852 is divided by 40.
12
What is the remainder when 1403 is divided by 270?
53
Calculate the remainder when 16121 is divided by 89.
12
What is the remainder when 1918387 is divided by 168?
163
Calculate the remainder when 432 is divided by 214.
4
Calculate the remainder when 1138 is divided by 283.
6
Calculate the remainder when 48469 is divided by 262.
261
Calculate the remainder when 39095 is divided by 162.
53
Calculate the remainder when 10434 is divided by 17.
13
Calculate the remainder when 3894 is divided by 541.
107
Calculate the remainder when 868778 is divided by 621.
620
What is the remainder when 48797 is divided by 13?
8
What is the remainder when 15921 is divided by 113?
101
Calculate the remainder when 35482 is divided by 486.
4
Calculate the remainder when 95196 is divided by 136.
132
What is the remainder when 8585 is divided by 297?
269
Calculate the remainder when 219286 is divided by 258.
244
What is the remainder when 144714 is divided by 67?
61
What is the remainder when 577804 is divided by 17?
8
What is the remainder when 1231331 is divided by 283?
281
What is the remainder when 18289 is divided by 2026?
55
Calculate the remainder when 190159 is divided by 5004.
7
What is the remainder when 106167 is divided by 48?
39
Calculate the remainder when 11759 is divided by 37.
30
Calculate the remainder when 130658 is divided by 113.
30
Calculate the remainder when 40212 is divided by 22.
18
Calculate the remainder when 41355 is divided by 844.
843
What is the remainder when 9075 is divided by 152?
107
Calculate the remainder when 82500 is divided by 27498.
6
What is the remainder when 8530 is divided by 19?
18
What is the remainder when 85609 is divided by 28530?
19
Calculate the remainder when 18156 is divided by 1289.
110
Calculate the remainder when 22602 is divided by 7515.
57
What is the remainder when 2965 is divided by 202?
137
Calculate the remainder when 174997 is divided by 87434.
129
Calculate the remainder when 14788 is divided by 259.
25
Calculate the remainder when 12045 is divided by 145.
10
Calculate the remainder when 10987 is divided by 1222.
1211
Calculate the remainder when 44728 is divided by 22360.
8
What is the remainder when 14690 is divided by 95?
60
What is the remainder when 47517 is divided by 99?
96
Calculate the remainder when 2243 is divided by 2140.
103
What is the remainder when 5431 is divided by 136?
127
Calculate the remainder when 38847 is divided by 506.
391
Calculate the remainder when 2121 is divided by 1059.
3
Calculate the remainder when 844 is divided by 116.
32
What is the remainder when 2602986 is divided by 1819?
1816
Calculate the remainder when 1532 is divided by 258.
242
Calculate the remainder when 10610 is divided by 1202.
994
Calculate the remainder when 5734 is divided by 75.
34
Calculate the remainder when 3173 is divided by 1020.
113
What is the remainder when 16952 is divided by 138?
116
What is the remainder when 9151 is divided by 9138?
13
What is the remainder when 441535 is divided by 16?
15
What is the remainder when 12303913 is divided by 5?
3
Calculate the remainder when 182065 is divided by 182055.
10
Calculate the remainder when 6569 is divided by 206.
183
Calculate the remainder when 1238 is divided by 574.
90
Calculate the remainder when 3971 is divided by 495.
11
What is the remainder when 17492 is divided by 2902?
80
Calculate the remainder when 463871 is divided by 12.
11
Calculate the remainder when 44517 is divided by 2458.
273
What is the remainder when 11112 is divided by 2763?
60
What is the remainder when 141638 is divided by 28326?
8
Calculate the remainder when 163282 is divided by 565.
562
What is the remainder when 63950 is divided by 37?
14
Calculate the remainder when 15621 is divided by 422.
7
Calculate the remainder when 210376 is divided by 5536.
8
What is the remainder when 4408 is divided by 628?
12
Calculate the remainder when 149273 is divided by 15.
8
Calculate the remainder when 259979 is divided by 319.
313
Calculate the remainder when 183302 is divided by 219.
218
Calculate the remainder when 11448 is divided by 1857.
306
Calculate the remainder when 14346 is divided by 1305.
1296
What is the remainder when 1898 is divided by 388?
346
Calculate the remainder when 8110 is divided by 619.
63
What is the remainder when 28111 is divided by 12?
7
What is the remainder when 51531 is divided by 188?
19
Calculate the remainder when 17439 is divided by 436.
435
Calculate the remainder when 1286 is divided by 104.
38
What is the remainder when 413464 is divided by 54?
40
What is the remainder when 7096 is divided by 257?
157
What is the remainder when 68054 is divided by 68048?
6
What is the remainder when 60075 is divided by 102?
99
What is the remainder when 4167 is divided by 1351?
114
Calculate the remainder when 103935 is divided by 34645.
0
What is the remainder when 18601 is divided by 5?
1
Calculate the remainder when 13752 is divided by 329.
263
What is the remainder when 7702 is divided by 853?
25
What is the remainder when 304709 is divided by 101565?
14
What is the remainder when 1500 is divided by 324?
204
What is the remainder when 15155 is divided by 132?
107
Calculate the remainder when 94004 is divided by 145.
44
Calculate the remainder when 21179 is divided by 208.
171
Calculate the remainder when 1161 is divided by 376.
33
Calculate the remainder when 9128 is divided by 1117.
192
What is the remainder when 55662 is divided by 49?
47
What is the remainder when 601 is divided by 87?
79
What is the remainder when 1586 is divided by 518?
32
Calculate the remainder when 34643 is divided by 119.
14
Calculate the remainder when 4088 is divided by 141.
140
Calculate the remainder when 330493 is divided by 86.
81
Calculate the remainder when 340029 is divided by 154.
151
What is the remainder when 10945 is divided by 2185?
20
Calculate the remainder when 72483 is divided by 325.
8
What is the remainder when 1342 is divided by 30?
22
Calculate the remainder when 47469 is divided by 516.
513
Calculate the remainder when 72755 is divided by 136.
131
What is the remainder when 982 is divided by 72?
46
Calculate the remainder when 6988 is divided by 2316.
40
Calculate the remainder when 24558 is divided by 66.
6
What is the remainder when 16895 is divided by 583?
571
Calculate the remainder when 197707 is divided by 28.
27
Calculate the remainder when 52717 is divided by 17568.
13
What is the remainder when 3262 is divided by 1621?
20
What is the remainder when 362520 is divided by 138?
132
Calculate the remainder when 26375 is divided by 6589.
19
What is the remainder when 86642 is divided by 19?
2
Calculate the remainder when 41490 is divided by 168.
162
Calculate the remainder when 61293 is divided by 139.
133
What is the remainder when 19083 is divided by 195?
168
Calculate the remainder when 1390 is divided by 40.
30
What is the remainder when 22710 is divided by 7548?
66
Calculate the remainder when 38038 is divided by 60.
58
Calculate the remainder when 2180 is divided by 190.
90
What is the remainder when 23928 is divided by 498?
24
What is the remainder when 2229486 is divided by 31?
28
What is the remainder when 121556 is divided by 47?
14
Calculate the remainder when 1444 is divided by 1323.
121
What is the remainder when 5312 is divided by 34?
8
Calculate the remainder when 2080 is divided by 599.
283
What is the remainder when 22013 is divided by 78?
17
What is the remainder when 4022 is divided by 130?
122
What is the remainder when 56229 is divided by 99?
96
Calculate the remainder when 245348 is divided by 81759.
71
What is the remainder when 200 is divided by 102?
98
Calculate the remainder when 34210 is divided by 128.
34
Calculate the remainder when 90513 is divided by 38.
35
What is the remainder when 11667 is divided by 310?
197
Calculate the remainder when 7632 is divided by 33.
9
What is the remainder when 68873 is divided by 26?
25
Calculate the remainder when 5614221 is d